
3
What is the tens digit of 143936?
3
What is the ten millions digit of 10909476?
1
What is the hundred thousands digit of 121002?
1
What is the units digit of 1608035?
5
What is the ten thousands digit of 7405825?
0
What is the hundred thousands digit of 671316?
6
What is the ten millions digit of 13404135?
1
What is the thousands digit of 535898?
5
What is the tens digit of 931086?
8
What is the thousands digit of 879395?
9
What is the hundreds digit of 126001?
0
What is the units digit of 29560890?
0
What is the hundreds digit of 83707?
7
What is the units digit of 308587?
7
What is the ten thousands digit of 866816?
6
What is the hundred thousands digit of 24157374?
1
What is the tens digit of 2396112?
1
What is the hundred thousands digit of 949030?
9
What is the hundreds digit of 10709092?
0
What is the millions digit of 1289418?
1
What is the hundred thousands digit of 11959202?
9
What is the hundreds digit of 765537?
5
What is the hundred thousands digit of 6706788?
7
What is the hundreds digit of 15478977?
9
What is the hundreds digit of 501776?
7
What is the millions digit of 16491143?
6
What is the ten thousands digit of 1500343?
0
What is the ten thousands digit of 2368380?
6
What is the thousands digit of 567156?
7
What is the hundreds digit of 539482?
4
What is the thousands digit of 426085?
6
What is the thousands digit of 16524562?
4
What is the thousands digit of 414702?
4
What is the hundred thousands digit of 430496?
4
What is the tens digit of 162745?
4
What is the ten thousands digit of 140921?
4
What is the tens digit of 216360?
6
What is the units digit of 1902617?
7
What is the ten thousands digit of 159855?
5
What is the ten thousands digit of 430711?
3
What is the units digit of 115569?
9
What is the millions digit of 1644197?
1
What is the hundreds digit of 9162445?
4
What is the units digit of 2085639?
9
What is the hundreds digit of 1576788?
7
What is the units digit of 2989429?
9
What is the ten thousands digit of 13406312?
0
What is the hundred thousands digit of 953407?
9
What is the hundreds digit of 1538477?
4
What is the tens digit of 3777791?
9
What is the hundred thousands digit of 157903?
1
What is the units digit of 1887376?
6
What is the hundreds digit of 154876?
8
What is the hundreds digit of 2398281?
2
What is the hundred thousands digit of 120613?
1
What is the hundreds digit of 238460?
4
What is the ten thousands digit of 137409?
3
What is the hundred thousands digit of 6347361?
3
What is the tens digit of 488786?
8
What is the thousands digit of 620534?
0
What is the ten thousands digit of 1182374?
8
What is the hundred thousands digit of 408980?
4
What is the hundreds digit of 271022?
0
What is the hundred thousands digit of 21114080?
1
What is the hundred thousands digit of 1190870?
1
What is the millions digit of 7267578?
7
What is the hundreds digit of 690116?
1
What is the thousands digit of 490573?
0
What is the hundred thousands digit of 5720828?
7
What is the tens digit of 2788618?
1
What is the ten thousands digit of 232994?
3
What is the tens digit of 59838?
3
What is the ten thousands digit of 4022458?
2
What is the thousands digit of 335389?
5
What is the thousands digit of 399242?
9
What is the ten millions digit of 13629631?
1
What is the hundred thousands digit of 187283?
1
What is the units digit of 705012?
2
What is the hundreds digit of 17933194?
1
What is the ten thousands digit of 30408?
3
What is the thousands digit of 3670998?
0
What is the units digit of 4672468?
8
What is the tens digit of 19955614?
1
What is the hundred thousands digit of 1458600?
4
What is the units digit of 8925604?
4
What is the thousands digit of 3881371?
1
What is the hundred thousands digit of 2862272?
8
What is the hundred thousands digit of 684787?
6
What is the hundreds digit of 563933?
9
What is the hundred thousands digit of 2138096?
1
What is the units digit of 3853487?
7
What is the hundreds digit of 89188?
1
What is the units digit of 4803397?
7
What is the hundred thousands digit of 2728419?
7
What is the hundred thousands digit of 442835?
4
What is the thousands digit of 394324?
4
What is the hundreds digit of 376955?
9
What is the tens digit of 2554500?
0
What is the units digit of 23059085?
5
What is the thousands digit of 8150430?
0
What is the units digit of 8099737?
7
What is the tens digit of 197700?
0
What is the hundred thousands digit of 2602807?
6
What is the tens digit of 11571796?
9
What is the thousands digit of 21470090?
0
What is the hundred thousands digit of 2363931?
3
What is the hundreds digit of 20614?
6
What is the units digit of 580198?
8
What is the hundred thousands digit of 4102537?
1
What is the ten thousands digit of 188729?
8
What is the hundred thousands digit of 4520650?
5
What is the units digit of 25819?
9
What is the hundred thousands digit of 1978413?
9
What is the hundreds digit of 454068?
0
What is the tens digit of 112166?
6
What is the units digit of 392293?
3
What is the ten thousands digit of 7397604?
9
What is the hundred thousands digit of 331364?
3
What is the hundred thousands digit of 2622399?
6
What is the tens digit of 59751?
5
What is the hundreds digit of 424987?
9
What is the tens digit of 12075?
7
What is the hundred thousands digit of 1504531?
5
What is the hundreds digit of 17229194?
1
What is the units digit of 12508777?
7
What is the thousands digit of 7517719?
7
What is the hundred thousands digit of 774296?
7
What is the hundred thousands digit of 5131097?
1
What is the hundred thousands digit of 851715?
8
What is the hundred thousands digit of 463665?
4
What is the units digit of 91345?
5
What is the ten thousands digit of 24220398?
2
What is the ten thousands digit of 821077?
2
What is the ten thousands digit of 291661?
9
What is the thousands digit of 107645?
7
What is the millions digit of 6871015?
6
What is the hundred thousands digit of 1976118?
9
What is the tens digit of 2273750?
5
What is the hundreds digit of 90014?
0
What is the units digit of 2502385?
5
What is the thousands digit of 18010065?
0
What is the units digit of 321540?
0
What is the ten thousands digit of 626410?
2
What is the units digit of 4203076?
6
What is the tens digit of 454363?
6
What is the units digit of 2734676?
6
What is the thousands digit of 943488?
3
What is the thousands digit of 148429?
8
What is the ten millions digit of 34623955?
3
What is the hundred thousands digit of 2615780?
6
What is the units digit of 753628?
8
What is the tens digit of 98687?
8
What is the thousands digit of 2709420?
9
What is the thousands digit of 1304037?
4
What is the millions digit of 1308450?
1
What is the thousands digit of 243413?
3
What is the hundred thousands digit of 9402863?
4
What is the thousands digit of 1937397?
7
What is the units digit of 108590?
0
What is the ten thousands digit of 1719492?
1
What is the thousands digit of 1344569?
4
What is the hundreds digit of 15466?
4
What is the thousands digit of 9335791?
5
What is the tens digit of 2918125?
2
What is the hundred thousands digit of 1872246?
8
What is the hundred thousands digit of 8543497?
5
What is the hundred thousands digit of 29114446?
1
What is the hundreds digit of 436312?
3
What is the hundred thousands digit of 3470935?
4
What is the tens digit of 17366889?
8
What is the ten thousands digit of 2656031?
5
What is the thousands digit of 4295145?
5
What is the millions digit of 1284602?
1
What is the ten thousands digit of 266786?
6
What is the ten thousands digit of 365679?
6
What is the ten thousands digit of 60487?
6
What is the units digit of 7662508?
8
What is the ten thousands digit of 6755430?
5
What is the hundreds digit of 643937?
9
What is the hundreds digit of 426995?
9
What is the ten thousands digit of 1126061?
2
What is the hundred thousands digit of 1779905?
7
What is the tens digit of 17022281?
8
What is the hundred thousands digit of 1537141?
5
What is the hundreds digit of 12640?
6
What is the thousands digit of 1527770?
7
What is the ten thousands digit of 4113492?
1
What is the thousands digit of 81649?
1
What is the units digit of 2631119?
9
What is the ten thousands digit of 1926934?
2
What is the ten thousands digit of 8587315?
8
What is the tens digit of 255010